{"id":42,"date":"2023-01-17T13:13:20","date_gmt":"2023-01-17T12:13:20","guid":{"rendered":"http:\/\/www.ginab.nu\/?page_id=42"},"modified":"2026-03-04T11:16:47","modified_gmt":"2026-03-04T10:16:47","slug":"hem","status":"publish","type":"page","link":"https:\/\/www.ginab.nu\/","title":{"rendered":"Hem"},"content":{"rendered":"\t\t<div data-elementor-type=\"wp-page\" data-elementor-id=\"42\" class=\"elementor elementor-42\">\n\t\t\t\t\t\t\t\t\t<section class=\"elementor-section elementor-top-section elementor-element elementor-element-399a8f10 elementor-section-full_width elementor-section-height-min-height elementor-section-items-stretch elementor-section-content-top elementor-section-height-default\" data-id=\"399a8f10\" data-element_type=\"section\" data-settings=\"{&quot;background_background&quot;:&quot;classic&quot;}\">\n\t\t\t\t\t\t<div class=\"elementor-container elementor-column-gap-no\">\n\t\t\t\t\t<div class=\"elementor-column elementor-col-100 elementor-top-column elementor-element elementor-element-1ed807c2\" data-id=\"1ed807c2\" data-element_type=\"column\">\n\t\t\t<div class=\"elementor-widget-wrap elementor-element-populated\">\n\t\t\t\t\t\t\t\t<section class=\"elementor-section elementor-inner-section elementor-element elementor-element-4356e546 elementor-section-boxed elementor-section-height-default elementor-section-height-default\" data-id=\"4356e546\" data-element_type=\"section\">\n\t\t\t\t\t\t<div class=\"elementor-container elementor-column-gap-no\">\n\t\t\t\t\t<div class=\"elementor-column elementor-col-100 elementor-inner-column elementor-element elementor-element-604e6d7b\" data-id=\"604e6d7b\" data-element_type=\"column\">\n\t\t\t<div class=\"elementor-widget-wrap elementor-element-populated\">\n\t\t\t\t\t\t\t\t<div class=\"elementor-element elementor-element-597eac2 elementor-widget elementor-widget-text-editor\" data-id=\"597eac2\" data-element_type=\"widget\" data-widget_type=\"text-editor.default\">\n\t\t\t\t<div class=\"elementor-widget-container\">\n\t\t\t<style>\/*! elementor - v3.10.0 - 09-01-2023 *\/\n.elementor-widget-text-editor.elementor-drop-cap-view-stacked .elementor-drop-cap{background-color:#818a91;color:#fff}.elementor-widget-text-editor.elementor-drop-cap-view-framed .elementor-drop-cap{color:#818a91;border:3px solid;background-color:transparent}.elementor-widget-text-editor:not(.elementor-drop-cap-view-default) .elementor-drop-cap{margin-top:8px}.elementor-widget-text-editor:not(.elementor-drop-cap-view-default) .elementor-drop-cap-letter{width:1em;height:1em}.elementor-widget-text-editor .elementor-drop-cap{float:left;text-align:center;line-height:1;font-size:50px}.elementor-widget-text-editor .elementor-drop-cap-letter{display:inline-block}<\/style>\t\t\t\t<h1 class=\"elementor-heading-title elementor-size-default elementor-inline-editing pen\" style=\"font-family: var( --e-global-typography-primary-font-family ), Sans-serif; font-weight: var( --e-global-typography-primary-font-weight ); line-height: var( --e-global-typography-primary-line-height ); color: #000000; font-size: var( --e-global-typography-primary-font-size ); text-transform: var( --e-global-typography-primary-text-transform );\" data-elementor-setting-key=\"title\" data-pen-placeholder=\"Skriv h\u00e4r...\">Vi \u00e4r ett f\u00f6retag i Norrt\u00e4lje som utf\u00f6r Bygg Och Servicearbeten.<\/h1>\t\t\t\t\t\t<\/div>\n\t\t\t\t<\/div>\n\t\t\t\t\t<\/div>\n\t\t<\/div>\n\t\t\t\t\t\t\t<\/div>\n\t\t<\/section>\n\t\t\t\t<section class=\"elementor-section elementor-inner-section elementor-element elementor-element-fddb40f elementor-section-boxed elementor-section-height-default elementor-section-height-default\" data-id=\"fddb40f\" data-element_type=\"section\">\n\t\t\t\t\t\t<div class=\"elementor-container elementor-column-gap-default\">\n\t\t\t\t\t<div class=\"elementor-column elementor-col-50 elementor-inner-column elementor-element elementor-element-732c55a\" data-id=\"732c55a\" data-element_type=\"column\">\n\t\t\t<div class=\"elementor-widget-wrap\">\n\t\t\t\t\t\t\t\t\t<\/div>\n\t\t<\/div>\n\t\t\t\t<div class=\"elementor-column elementor-col-50 elementor-inner-column elementor-element elementor-element-41c1cf3\" data-id=\"41c1cf3\" data-element_type=\"column\">\n\t\t\t<div class=\"elementor-widget-wrap elementor-element-populated\">\n\t\t\t\t\t\t\t\t<div class=\"elementor-element elementor-element-daea233 elementor-widget__width-initial elementor-widget elementor-widget-text-editor\" data-id=\"daea233\" data-element_type=\"widget\" data-widget_type=\"text-editor.default\">\n\t\t\t\t<div class=\"elementor-widget-container\">\n\t\t\t\t\t\t\t<p>Grundberg i Norrt\u00e4lje AB \u00e4r verksamt i Roslagen sedan \u00e5r 2001. Vi utf\u00f6r de flesta arbeten med hus, k\u00f6k, altan, byte av f\u00f6nster och d\u00f6rrar, ombyggnad, tillbyggnad och markarbeten. Vi g\u00f6r \u00e4ven mindre gr\u00e4varbeten. Om ni beh\u00f6ver hj\u00e4lp med ritningar ( tillbyggnad, ekonomibyggnad, f\u00f6rr\u00e5d) och kontakt med byggnadsn\u00e4mnden, s\u00e5 kan vi hj\u00e4lpa till med det.<\/p><p>Vi utf\u00f6r ROT- och RUT-uppdrag.<\/p><p>Vi utf\u00f6r sm\u00e5 uppdrag ocks\u00e5, s\u00e5 som att s\u00e4tta upp TV, installera skrivare, s\u00e4tta upp webbkamera. Vi kan hj\u00e4lpa till med det mesta, bara att ringa och fr\u00e5ga.<\/p><p><strong>Dags att boka uppdrag f\u00f6r sommaren, bygg din dr\u00f6maltan eller n\u00e5got annat du dr\u00f6mt om att fixa p\u00e5 huset<\/strong><\/p><p><b>Kontakta oss f\u00f6r en gratis offert! Tele: 070 330 80 14<\/b><\/p>\t\t\t\t\t\t<\/div>\n\t\t\t\t<\/div>\n\t\t\t\t<div class=\"elementor-element elementor-element-33f1a72 elementor-hidden-desktop elementor-hidden-tablet elementor-widget elementor-widget-image\" data-id=\"33f1a72\" data-element_type=\"widget\" data-widget_type=\"image.default\">\n\t\t\t\t<div class=\"elementor-widget-container\">\n\t\t\t<style>\/*! elementor - v3.10.0 - 09-01-2023 *\/\n.elementor-widget-image{text-align:center}.elementor-widget-image a{display:inline-block}.elementor-widget-image a img[src$=\".svg\"]{width:48px}.elementor-widget-image img{vertical-align:middle;display:inline-block}<\/style>\t\t\t\t\t\t\t\t\t\t\t\t<img loading=\"lazy\" decoding=\"async\" width=\"768\" height=\"1024\" src=\"https:\/\/www.ginab.nu\/wp-content\/uploads\/2023\/02\/IMG_0486-768x1024.jpg\" class=\"attachment-large size-large wp-image-309\" alt=\"\" srcset=\"https:\/\/www.ginab.nu\/wp-content\/uploads\/2023\/02\/IMG_0486-768x1024.jpg 768w, https:\/\/www.ginab.nu\/wp-content\/uploads\/2023\/02\/IMG_0486-225x300.jpg 225w, https:\/\/www.ginab.nu\/wp-content\/uploads\/2023\/02\/IMG_0486-1152x1536.jpg 1152w, https:\/\/www.ginab.nu\/wp-content\/uploads\/2023\/02\/IMG_0486-1536x2048.jpg 1536w, https:\/\/www.ginab.nu\/wp-content\/uploads\/2023\/02\/IMG_0486-scaled.jpg 1920w\" sizes=\"auto, (max-width: 768px) 100vw, 768px\" \/>\t\t\t\t\t\t\t\t\t\t\t\t\t\t\t<\/div>\n\t\t\t\t<\/div>\n\t\t\t\t\t<\/div>\n\t\t<\/div>\n\t\t\t\t\t\t\t<\/div>\n\t\t<\/section>\n\t\t\t\t<div class=\"elementor-element elementor-element-1514a64c elementor-widget__width-initial elementor-absolute elementor-widget-tablet__width-initial elementor-widget-mobile__width-initial animated-fast elementor-hidden-mobile elementor-invisible elementor-widget elementor-widget-image\" data-id=\"1514a64c\" data-element_type=\"widget\" data-settings=\"{&quot;_position&quot;:&quot;absolute&quot;,&quot;_animation&quot;:&quot;slideInLeft&quot;,&quot;_animation_delay&quot;:&quot;450&quot;}\" data-widget_type=\"image.default\">\n\t\t\t\t<div class=\"elementor-widget-container\">\n\t\t\t\t\t\t\t\t\t\t\t\t\t\t\t<img loading=\"lazy\" decoding=\"async\" width=\"768\" height=\"1024\" src=\"https:\/\/www.ginab.nu\/wp-content\/uploads\/2023\/02\/IMG_0526-768x1024.jpg\" class=\"attachment-large size-large wp-image-314\" alt=\"\" srcset=\"https:\/\/www.ginab.nu\/wp-content\/uploads\/2023\/02\/IMG_0526-768x1024.jpg 768w, https:\/\/www.ginab.nu\/wp-content\/uploads\/2023\/02\/IMG_0526-225x300.jpg 225w, https:\/\/www.ginab.nu\/wp-content\/uploads\/2023\/02\/IMG_0526-1152x1536.jpg 1152w, https:\/\/www.ginab.nu\/wp-content\/uploads\/2023\/02\/IMG_0526-1536x2048.jpg 1536w, https:\/\/www.ginab.nu\/wp-content\/uploads\/2023\/02\/IMG_0526-scaled.jpg 1920w\" sizes=\"auto, (max-width: 768px) 100vw, 768px\" \/>\t\t\t\t\t\t\t\t\t\t\t\t\t\t\t<\/div>\n\t\t\t\t<\/div>\n\t\t\t\t<div class=\"elementor-element elementor-element-4ba0401a elementor-widget__width-initial elementor-absolute elementor-widget-tablet__width-initial elementor-widget-mobile__width-initial elementor-hidden-mobile elementor-invisible elementor-widget elementor-widget-image\" data-id=\"4ba0401a\" data-element_type=\"widget\" data-settings=\"{&quot;_position&quot;:&quot;absolute&quot;,&quot;_animation&quot;:&quot;slideInRight&quot;,&quot;_animation_delay&quot;:&quot;400&quot;}\" data-widget_type=\"image.default\">\n\t\t\t\t<div class=\"elementor-widget-container\">\n\t\t\t\t\t\t\t\t\t\t\t\t\t\t\t<img loading=\"lazy\" decoding=\"async\" width=\"768\" height=\"1024\" src=\"https:\/\/www.ginab.nu\/wp-content\/uploads\/2023\/02\/IMG_0486-768x1024.jpg\" class=\"attachment-large size-large wp-image-309\" alt=\"\" srcset=\"https:\/\/www.ginab.nu\/wp-content\/uploads\/2023\/02\/IMG_0486-768x1024.jpg 768w, https:\/\/www.ginab.nu\/wp-content\/uploads\/2023\/02\/IMG_0486-225x300.jpg 225w, https:\/\/www.ginab.nu\/wp-content\/uploads\/2023\/02\/IMG_0486-1152x1536.jpg 1152w, https:\/\/www.ginab.nu\/wp-content\/uploads\/2023\/02\/IMG_0486-1536x2048.jpg 1536w, https:\/\/www.ginab.nu\/wp-content\/uploads\/2023\/02\/IMG_0486-scaled.jpg 1920w\" sizes=\"auto, (max-width: 768px) 100vw, 768px\" \/>\t\t\t\t\t\t\t\t\t\t\t\t\t\t\t<\/div>\n\t\t\t\t<\/div>\n\t\t\t\t\t<\/div>\n\t\t<\/div>\n\t\t\t\t\t\t\t<\/div>\n\t\t<\/section>\n\t\t\t\t\t\t\t<\/div>\n\t\t","protected":false},"excerpt":{"rendered":"<p>Vi \u00e4r ett f\u00f6retag i Norrt\u00e4lje som utf\u00f6r Bygg Och Servicearbeten. Grundberg i Norrt\u00e4lje AB \u00e4r verksamt i Roslagen sedan \u00e5r 2001. Vi utf\u00f6r de flesta arbeten med hus, k\u00f6k, altan, byte av f\u00f6nster och d\u00f6rrar, ombyggnad, tillbyggnad och markarbeten. Vi g\u00f6r \u00e4ven mindre gr\u00e4varbeten. Om ni beh\u00f6ver hj\u00e4lp med ritningar ( tillbyggnad, ekonomibyggnad, f\u00f6rr\u00e5d) [&hellip;]<\/p>\n","protected":false},"author":1,"featured_media":0,"parent":0,"menu_order":0,"comment_status":"closed","ping_status":"closed","template":"elementor_header_footer","meta":{"_monsterinsights_skip_tracking":false,"_monsterinsights_sitenote_active":false,"_monsterinsights_sitenote_note":"","_monsterinsights_sitenote_category":0,"footnotes":""},"class_list":["post-42","page","type-page","status-publish","hentry"],"_links":{"self":[{"href":"https:\/\/www.ginab.nu\/index.php?rest_route=\/wp\/v2\/pages\/42","targetHints":{"allow":["GET"]}}],"collection":[{"href":"https:\/\/www.ginab.nu\/index.php?rest_route=\/wp\/v2\/pages"}],"about":[{"href":"https:\/\/www.ginab.nu\/index.php?rest_route=\/wp\/v2\/types\/page"}],"author":[{"embeddable":true,"href":"https:\/\/www.ginab.nu\/index.php?rest_route=\/wp\/v2\/users\/1"}],"replies":[{"embeddable":true,"href":"https:\/\/www.ginab.nu\/index.php?rest_route=%2Fwp%2Fv2%2Fcomments&post=42"}],"version-history":[{"count":134,"href":"https:\/\/www.ginab.nu\/index.php?rest_route=\/wp\/v2\/pages\/42\/revisions"}],"predecessor-version":[{"id":828,"href":"https:\/\/www.ginab.nu\/index.php?rest_route=\/wp\/v2\/pages\/42\/revisions\/828"}],"wp:attachment":[{"href":"https:\/\/www.ginab.nu\/index.php?rest_route=%2Fwp%2Fv2%2Fmedia&parent=42"}],"curies":[{"name":"wp","href":"https:\/\/api.w.org\/{rel}","templated":true}]}}